- x - 2. Let l be 10/2 + (x - 3). What is the units digit of 2 + 7 + -5 + l?
7
Suppose 0 = -u - 5*o + 3*o - 11, -o + 2 = -u. What is the units digit of (-330)/(-50) - 2/u?
7
Let q(h) = h**3 - 11*h**2 + 11*h - 1. Let c be q(10). Let i = c - -6. What is the tens digit of i?
1
Let b(l) be the first derivative of -l**4/4 + l**3/3 - l**2/2 + 9*l - 2. What is the units digit of b(0)?
9
Let l(r) = r + 10. Let q be l(-8). Let m(t) = 5*t**q + 15 - 3*t**2 - 4 - 3*t**2 - 7*t. What is the units digit of m(-8)?
3
Let m = 3 - 0. Let p be (-2)/(-5)*30/m. Suppose 25 = p*w + 9. What is the units digit of w?
4
Suppose -3*k = 3*z - 27, -4*z + 4*k + 54 = z. Let g = z + -1. What is the units digit of g?
9
Suppose 4*j - 103 = 97. What is the units digit of j?
0
Let s = 6 - 2. Suppose -s*f = -115 - 13. What is the units digit of f?
2
Let w(d) be the third derivative of d**5/20 + d**4/8 + d**3/2 + 5*d**2. What is the tens digit of w(-3)?
2
Let i(m) = -3*m**3 - 2*m**2 - 11*m - 3. What is the units digit of i(-3)?
3
Suppose 0 = 3*m + 2*m + 10. What is the units digit of (-28 - m)*(-1)/2?
3
Suppose 6 = 4*z - z. Let k be 6/18 + (-62)/6. What is the units digit of 16/z*(-5)/k?
4
Suppose -w - 17 = -j, -4*w - 3*j = -0*w + 89. Let r(k) = 6*k - 9. Let c be r(8). Let l = w + c. What is the tens digit of l?
1
Suppose 0*b = -4*o - 2*b + 16, 0 = -4*o - b + 14. Let s(y) = y**2 - y + 1. Let k be s(1). Suppose 5*q = o*d - 34, -q = -0*q - k. What is the tens digit of d?
1
Suppose 5*c - 15 = -0*c. Suppose 3*w + 32 = f, -5*f + c*f + 108 = 5*w. What is the tens digit of f?
4
Let a(h) = 19*h + 1. What is the tens digit of a(1)?
2
Suppose 3*c + 38 - 206 = -m, 5*m + 40 = c. What is the units digit of c?
5
Let x = 29 + -11. What is the tens digit of x?
1
Suppose -62 = 3*m - 413. Let d = m - 83. What is the tens digit of d?
3
Suppose -10 - 5 = -5*m. Suppose 3 = -m*t + 6*t. Suppose -t - 3 = -4*s. What is the units digit of s?
1
Let c = -5 - 0. What is the tens digit of 0 + c/(10/(-32))?
1
Let y(i) = -2*i + 0*i + 0*i - 2. What is the tens digit of y(-7)?
1
Let v = 20 + -6. Let l = 50 - 55. Let s = v + l. What is the units digit of s?
9
Let f be 16/(-6)*(-45)/12. Let s = f - 7. Suppose s*t = 15, 0*b = b - 4*t + 16. What is the units digit of b?
4
Suppose -4*u - 2 = 2*h, -4*u + 0*u + 16 = -4*h. Let j be -2*(h/(-6))/(-1). Suppose 4*m - j = -w + 6*m, -3*w - 3*m = -30. What is the units digit of w?
7
What is the hundreds digit of 6/8*(2 - 198)/(-1)?
1
Suppose -5*j = -3*j. Let v = 9 - 7. Let l = v + j. What is the units digit of l?
2
Let c(n) = n**2 - 3*n - 7. Let k be c(5). Suppose 4*p = -5*u - 21, -3*p = 3*u - 4*p - 1. Let h = k + u. What is the units digit of h?
2
Let v(s) be the third derivative of -s**6/120 + 7*s**5/30 + s**4/8 - 4*s**2. What is the units digit of v(14)?
2
Suppose 5*x - 36 = -5*d + 14, -2*x = -4*d - 14. Suppose -3*g - 4*b = -5*b - x, -4*g + 23 = -5*b. Let v = g - -3. What is the units digit of v?
5
Let f = 16 - 15. What is the units digit of f?
1
Let y = 44 - 31. What is the units digit of y?
3
Let w = 409 + -175. Suppose 4*j - c - w = c, 2*j + 2*c - 102 = 0. What is the tens digit of j?
5
Let g(x) = -x**3 - 1 + x - 4*x + 3 - 3*x**2. Suppose 7 + 8 = -5*u. What is the units digit of g(u)?
1
Let r = -138 + 204. What is the tens digit of r?
6
Let y(q) = q**2 - 4*q - 5. Let z be y(5). Suppose z*d + 56 = 2*g + 3*d, 0 = -2*g + 3*d + 44. What is the tens digit of g?
2
Suppose 7*a - 5*a - 2 = 0. Let h = a - -27. What is the units digit of h?
8
Let a be (-40)/(-7) - 4/(-14). What is the tens digit of 6/18 - (-70)/a?
1
Suppose 0*t = -4*j - 5*t - 20, 2*t + 8 = -2*j. Let p = 0 + j. Let z = 2 + p. What is the units digit of z?
2
Let i(r) = -84*r**2 - 1. Let u be i(-1). What is the tens digit of ((-8)/10)/(2/u)?
3
Suppose 0 = -v + 3*v - 72. Suppose -2*x - 14 + v = 0. What is the tens digit of x?
1
Let t = -9 + 10. Let z(y) = -y**3 + y - 1. Let l(f) = 4*f**3 - 6*f**2 - 6*f + 11. Let i(d) = t*l(d) + 5*z(d). What is the units digit of i(-6)?
2
Suppose 0 = -2*t + 8, 5*t - 2 = m + 16. Let q = 1 - m. What is the units digit of (-7)/21*(-22 - q)?
7
Suppose -3*x = 2*k - 24, 0 = -3*k + k + 4*x - 4. What is the tens digit of 63/k*4/3?
1
Suppose -2*n + 96 = -10. What is the tens digit of n?
5
Suppose 0 = -0*c - 4*c - 20. Let p(k) = 5*k**3 - 2*k + 7. Let y(u) = u**3 - u**2. Let l(j) = -p(j) + 4*y(j). What is the units digit of l(c)?
8
Let o(d) = -d**3 + d**2 + 7. Suppose x + 0*c + 2*c = 0, 2*x = -5*c - 2. Suppose -j = -2*t - 2, 0 = 5*t - 2*t + 2*j - x. What is the units digit of o(t)?
7
Let d(s) = s**2 - s - 5. Let t be d(0). Suppose 20*v - 19*v = -3. What is the units digit of t/(-2)*(-1 - v)?
5
Let w be (3/9)/(3/(-18)). Let s = 3 + w. What is the units digit of s?
1
Let n be ((3 - 0) + 4)*6. Suppose -13 - n = -5*x. What is the units digit of x?
1
Suppose -4*b + 16 = 2*w, -3*w + 3*b + 44 = -b. What is the units digit of w?
2
Suppose 3*l = 8*l - 20. Suppose 20 = 6*o - l*o. What is the tens digit of o?
1
Let d(x) = x**2 - x + 12. Suppose 2*t + 0*t = 0. What is the tens digit of d(t)?
1
Suppose 2*l + 14 = p - 3*p, 5*l = 5*p - 5. What is the units digit of (-120)/l*(-2 - -3)?
0
Let i(y) = y**2 + 2 + 0*y**2 + y**2 + 5*y. Let u be (72/60)/(4/(-10)). What is the units digit of i(u)?
5
Let p = -6 - -6. Suppose 0 = 3*r - 7*r + 12. What is the tens digit of 17 - (p/r)/2?
1
Suppose -42 = -2*w - 4*w. What is the units digit of w?
7
Let v = 1 - -1. What is the units digit of v?
2
Suppose -11 = -t + 2*h, -t - 4*h + 2*h - 5 = 0. What is the tens digit of (3 - -1*9) + t?
1
Suppose -2*x = -106 - 34. What is the units digit of x?
0
Suppose v = 169 - 49. What is the tens digit of v?
2
Suppose 4*o - n - 335 = 0, -n + 260 = o + 2*o. Suppose 0*u + u - 5 = 4*g, o = 4*u - 3*g. What is the tens digit of u?
2
Let z(s) = -s - 1. Let y(c) = 18*c - 4. Let i(q) = -y(q) + 5*z(q). What is the units digit of i(-1)?
2
Let b be -28*(3 + (-74)/8). Let g be (8/10)/((-7)/b). Let v = 28 + g. What is the units digit of v?
8
Let d(s) = -3*s + 26. What is the tens digit of d(-5)?
4
What is the tens digit of (-4)/10*(-61 + -4)?
2
Let t be 4/4*(1 - 2). Let w be (-2 - t)/3*15. What is the units digit of 4/(w/7 + 1)?
4
Let a(y) = -y + 1. Let c(g) = 4*g - 7. Let s(l) = -5*a(l) - c(l). Let b be (1 + 3 + 1)*1. What is the units digit of s(b)?
7
Suppose -d + t + 0*t = -6, -4*d + 3*t + 29 = 0. What is the units digit of d?
1
Let u(d) = -17*d - 11. What is the tens digit of u(-4)?
5
Let m = 35 - 19. What is the tens digit of m?
1
Let q(n) = 8*n + 4 - 3 - 1 - n**2. Suppose -20 = -4*x - 2*d, 0*d + 2*d = 4*x - 28. What is the tens digit of q(x)?
1
Let d(h) = h**2 + 12*h - 17. Let f be d(-12). Let t = f - -7. What is the units digit of (-15)/t + 13/2?
8
What is the tens digit of (0 + 114/3)*15/6?
9
Let v(u) = 3*u**3 - u**2 - u + 1. Let z = -3 - -4. What is the units digit of v(z)?
2
Let z be -8 + -1 + 0/(-3). What is the units digit of 46/10 - z/(-15)?
4
Suppose 0 = 3*c - 4 - 26. What is the tens digit of c?
1
Let f(t) = -t**2 + 8*t. Let s be f(8). Suppose -k - 4*k + 50 = s. Let h = -1 + k. What is the units digit of h?
9
Suppose -36 = p + 2*p. What is the units digit of (p/10)/(42/(-700))?
0
Let y = 5 + -3. Suppose -14 + 0 = -y*c. Suppose -2 = 5*w - c. What is the units digit of w?
1
Suppose r - g = 2*r - 59, 0 = 5*g - 15. What is the units digit of r?
6
Let k be 10*(0 + (-252)/(-15)). What is the tens digit of ((-1)/(-3))/(4/k)?
1
Let t(z) = -z**2 + 4*z - 3. Let j be -2*21/(-12)*2. Let k be t(j). What is the tens digit of (2/(-4))/(1/k)?
1
Let b = -88 + 134. What is the units digit of b?
6
Suppose -2*m + 292 = 2*m. What is the tens digit of m?
7
Let v = 6 + 17. What is the units digit of v?
3
Let u be 3/(-12) - 10/(-8). What is the tens digit of ((-11)/1)/(0 - u)?
1
Suppose -2*d + a = -14, 3*a = 2*d - 5 - 1. What is the units digit of d?
9
Suppose -5*k = -8*k + 282. What is the units digit of k?
4
Suppose 1 + 2 = r. Suppose 5 + 4 = r*y. What is the units digit of y?
3
What is the tens digit of 808/14 - 6/(-21)?
5
Let w = -12 - -26. What is the units digit of (-7)/((-14)/(-4)) + w?
2
Suppose -3*s - 3*v + 24 = 0, 5 = 5*s - 2*v - 0. Let w be 1 + (-1)/((-1)/s). Let g = 12 - w. What is the units digit of g?
8
Let n(z) = 7*z - 10. Let c be n(8). Suppose 3*